 Determine v(o).
-2
Let w(r) be the first derivative of -r**3/3 - 3*r**2 - 17*r - 582. What is w(-5)?
-12
Let u(s) = 5*s + 5. Suppose 0 = 3*m - 3*q - 15, -34 + 14 = -4*m - 11*q. What is u(m)?
30
Suppose -q - 2*c = -5*q + 18, 5*c = -4*q - 17. Suppose 11*r - 11 = 11. Let f(y) = y - r - 13*y + y + 2*y. What is f(q)?
-20
Let r be 6 - (6/3)/(-1). Suppose b = -50 + 51. Let o(u) = -b + r + 0 + 33*u - 34*u. What is o(3)?
4
Let h(t) = 2*t**2 - 2*t + 1. Suppose -z - 3*z + 468 = 0. Suppose -z = 4*k - 125. Suppose 1 = 3*x + i, 0*x + k*i + 9 = 5*x. Give h(x).
1
Let h(s) be the first derivative of -2*s + 1/2*s**2 + 122. Let w be (8 - -1)/(2 - 1). What is h(w)?
7
Let y(p) = 5*p + 2. Suppose -3*a - 4*c = 2*a - 292, 3*a - 3*c = 159. Suppose 10*f = -24 - a. Let o = -11 - f. Calculate y(o).
-13
Let w(k) = -2*k**2 - k + 82. Let v(t) = -8*t**2 - 2*t + 349. Let o(y) = 2*v(y) - 9*w(y). Determine o(0).
-40
Let f(j) be the third derivative of -5*j + 0*j**3 + 1/8*j**4 + 0 + 1/60*j**5 - 3*j**2. Give f(-4).
4
Let g(d) = -135*d + 389. Let n be g(3). Let w(z) = -z**3 - 18*z**2 - 33*z - 20. Determine w(n).
-4
Let o(a) = -a**3 - 16*a**2 - 15*a + 21. Let h be (-4)/((-16)/30)*(-64)/32. Give o(h).
21
Suppose -20 = -4*g - 4*s, 2*g - 4*g + 4*s = -10. Suppose g*r + 8 + 23 = 2*n, -9 = 3*r + 2*n. Let p(u) = -u**3 - 6*u**2 - 7*u - 5. Determine p(r).
5
Let w(p) = p**3 + p**2 - 25. Let z be 10*((-2)/(-2))/((-46)/(-23)). Let o be 0/(3 - z)*15/(-45). Give w(o).
-25
Let b = 406 - 404. Let v(u) = 11*u**3 - 31*u**3 + 12 + 8*u**3 + 13*u**3 + 3*u**b - 4*u**2 - u. What is v(0)?
12
Let z(w) = -w**2 - 6*w - 5. Let x = -39 - -61. Let l = -22 + x. Suppose -3*p - 15 = -5*c + 2*c, l = 2*p + 5*c + 10. Calculate z(p).
0
Let p(w) = -9 + 8*w - 4*w**2 + 16 - 18 + w**3 - w**2. Calculate p(5).
29
Let c(t) = t**2 - 13*t + 16. Let d(a) = 9*a - 1. Let y be d(2). Suppose -y - 11 = -7*o. Suppose m = o + 7. Determine c(m).
-6
Let q(g) = -46*g. Suppose 3*o - 2*y = 10, 17*y + 16 = 3*o + 12*y. Let u be (80/(-14) + 6)*7/o. Determine q(u).
-46
Let j(a) = -3*a**3 + 11*a**2 + 13*a + 7. Let s(q) = q**3 - 4*q**2 - 4*q - 2. Let t be ((-10)/15)/((-33)/9 - -4). Let c(i) = t*j(i) - 7*s(i). Give c(6).
12
Suppose 55 - 10 = 5*i. Suppose -5*n + i = -1. Let h(b) = -139*b + 150*b - 12*b + 4. Determine h(n).
2
Let q(m) be the first derivative of m**2/2 - 3*m + 1. Let g(u) = -3*u**2 + 138*u - 139. Let a be g(1). What is q(a)?
-7
Let r(y) = 39*y + 2. Let t(v) = -22*v. Let k(g) = r(g) + t(g). Determine k(-2).
-32
Let l(w) = -13*w - 6 + 4*w**3 - 5*w**2 - 3*w**3 + 2. Suppose 2*k = -15*g - 16, -10*g - 25 = -3*k - 8*g. Calculate l(k).
3
Let j(l) be the third derivative of -9 - 17*l**2 + 0*l - 20/3*l**3 + 1/4*l**4. What is j(7)?
2
Let o(v) be the third derivative of v**5/60 - v**4/12 - v**3/6 - 41*v**2. Suppose 5*k = 22 - 2. Suppose -k*b + 5*b - 3 = 0. Determine o(b).
2
Let n(c) be the second derivative of c**4/4 + 4*c**3/3 - 2*c**2 + 1227*c. What is n(-3)?
-1
Let s(d) = d - 7. Let t(h) = 4*h - 44. Let w(n) = -2*s(n) + t(n). Determine w(0).
-30
Let v(t) be the second derivative of 0 - 1/2*t**2 - 3/10*t**5 - 1/6*t**3 + 0*t**4 - 62*t. Determine v(-1).
6
Let y(d) = 2*d**3 - 179*d**2 - 87*d - 274. Let u be y(90). Let x(s) = 0*s**2 + 0 - 2*s**2 - s**3 - 6 + 5 + 5*s. What is x(u)?
11
Let h(d) be the third derivative of -d**6/120 - 7*d**5/10 + 23*d**4/3 - d**3/6 - 159*d**2 - 31*d. What is h(-46)?
-1
Let f(o) = 474*o - 232*o - 238*o + o**2 - 2*o**2. Give f(9).
-45
Suppose 0 = -2*h - 3*d + 11 + 16, -h = -d - 1. Let q(v) = 7*v**2 - h*v**2 + 184*v - 1 - 188*v. Determine q(2).
-5
Let o(c) = 7*c**2 - 5*c - 20. Let u(z) = 4*z**2 - 44*z**2 + 3 + 19*z**2 + 20*z**2. Let w(k) = o(k) + 6*u(k). Give w(7).
12
Let s(r) be the second derivative of r**4/12 + 5*r**3/6 + 14*r**2 + 1400*r. Give s(0).
28
Let d(c) = -2*c - 4. Let t(x) = 6 - 5*x - 8 - 3. Let m = 299 + -301. Let z be t(m). What is d(z)?
-14
Let u(m) be the third derivative of -1/60*m**5 + 0*m - 3*m**2 + 1/6*m**3 + 1/24*m**4 + 0. Suppose -24 = 4*l - 16. Give u(l).
-5
Let t(n) be the first derivative of n**3/3 - 11*n**2/2 + 2*n - 25. Let h be t(11). Let f(a) = 0*a**h + 13*a - 5*a - 4*a + a**2. Determine f(-6).
12
Let w(q) = -q**3 - 6*q**2 + 10*q + 1. Let y = 17808 - 17805. Calculate w(y).
-50
Let s(v) = 2*v**3 + 23*v**2 + 10*v - 29. Suppose 0 = -211*a - 32*a - 2257 - 416. Give s(a).
-18
Let c = 150401/12 - 12533. Let d(k) be the second derivative of -1/6*k**3 - c*k**4 + 0 + 19*k + 0*k**2. Determine d(-2).
-18
Let b(d) be the second derivative of -189 - 2*d - 3*d**3 + 4*d - 5*d + 127 + d**3. Calculate b(-1).
12
Let f(c) be the first derivative of -c**4/4 + 16*c**3/3 - 11*c**2/2 + 4*c + 679. Give f(15).
64
Let x be 7 + (-8 + 6)*-2. Let y(i) = 7*i**2 + 13*i - 2. Let j(r) = 4*r**2 + 7*r - 1. Let l(s) = x*j(s) - 6*y(s). What is l(-3)?
22
Let t = -3 - -11. Let f be (-2)/6*(t - -2)*-3. Let o(v) = -v**3 + 11*v**2 - 12*v + 1. Calculate o(f).
-19
Let b(z) = -z + 5. Suppose -3*j = 2*a - 2 - 1, 0 = -3*a. Let m be (-35)/(-14) - j/(-2). Suppose -m*n = 2*n + k - 32, -n + 5*k = 4. Calculate b(n).
-1
Let c = 4968 - 4979. Let u(g) = g + 6. Determine u(c).
-5
Let c(q) be the first derivative of q**7/840 + q**6/72 - q**5/20 - q**4/12 - 8*q**3/3 - 2*q**2 + 105. Let z(h) be the third derivative of c(h). Give z(-6).
-2
Let v = 5653 - 5657. Let w(m) be the third derivative of m**5/60 + m**4/6 - 2*m**3/3 - 6*m**2. Give w(v).
-4
Let z(i) = i**3 + 0*i**2 - 2*i**2 - 3*i**2 - 2*i**2 + 22 - 10*i. Give z(8).
6
Let d be 2 - (2/1 + -3). Let q(j) = -3*j**3 - 16*j**2 + 478*j + 1. Let i(c) = 20*c**3 + 109*c**2 - 3228*c - 6. Let g(a) = 4*i(a) + 27*q(a). Give g(d).
-6
Let w(a) = -a**2 + 3. Let s(u) = -22*u**2 - 24*u - 31. Let r(i) = -s(i) - 4*w(i). Let f(d) = -31*d**2 - 25*d - 19. Let l(y) = 5*f(y) + 6*r(y). Calculate l(-18).
1
Let x(y) = 38*y - 209. Let o(m) = -13*m + 70. Let c(b) = -8*o(b) - 3*x(b). Let z be c(7). Let t(i) = 10*i - 4. What is t(z)?
-34
Let c be 0 - (-12)/9*3. Let f(q) = 4*q + 0 - q - c - q. Let z(r) = r**3 + 148*r**2 - 1249*r + 13. Let i be z(8). Give f(i).
6
Let r = -485 + 488. Let o(q) = -r - 7*q - 12*q**2 + 2*q**2 + 9*q**2 + 0. Suppose 3*z + 23 = 2*a + 3*a, -2*z + a - 13 = 0. What is o(z)?
3
Let k = -9 - -18. Let q = -17 + k. Let v(c) = 9*c - 117. Let g(b) = -2*b + 28. Let d(m) = -13*g(m) - 3*v(m). What is d(q)?
-5
Suppose 0 = 5*q + n - 60, -n + 42 = 2*q + 3*n. Let m(l) be the first derivative of -l**3/3 + 13*l**2/2 - 6*l - 570. Give m(q).
16
Let t(h) be the second derivative of 0*h**2 + 2/3*h**3 + 47*h + 0. Determine t(-2).
-8
Let b(p) = -27*p + 1801. Let q be b(68). Let h(g) = -g**2 - 36*g - 51. Determine h(q).
-16
Let b(z) = 98*z + 4 - 54*z - 2*z**3 - 24*z**2 + 15*z**2 - 48*z + 10*z**2. Give b(3).
-53
Let t(q) = -q + 4. Let b be 1*(-2 + 1)*3. Let r be (-16)/4*-2 + b. Determine t(r).
-1
Let s be 17/(-2) - (1 - 80/32). Let l(u) = u**2 - 3*u - 14. Give l(s).
56
Let n(p) be the second derivative of 3*p**3 - 43*p**2/2 + 2269*p. Calculate n(6).
65
Let f = -2 + -2. Let o(w) = -15 - 22 - 92*w - 17 - 14 + 65 + 100*w. Give o(f).
-35
Let o(d) be the third derivative of -d**4/12 - 37*d**3/6 - d**2 - 216*d. What is o(-13)?
-11
Let o(f) = f**3 + 6*f**2 - 5*f - 9. Suppose -18*d - 14*d - 7808 = 0. Let b = d + 238. Give o(b).
21
Let p = 91 - 87. Suppose 2*o = 3*a - p + 8, 0 = -4*a. Let k(d) = d**2 + 5*d - 7. Determine k(o).
7
Let w(l) = 2*l**3 + 49*l**2 - 25*l + 7. Let x = -13964 + 13939. Calculate w(x).
7
Let b be 7 + (-690)/100 + (-4 - 9/(-10)). Let n(w) = -w**3 + 3*w + 5. Let z(m) = -m**3 + m**2 + 3*m + 6. Let v(p) = -3*n(p) + 2*z(p). Determine v(b).
-3
Let l(j) be the first derivative of j**2/2 - 6*j + 5100. Calculate l(-1).
-7
Suppose -k = q + 4, -40*k + 42*k + 26 = -5*q. Let y(d) = 19*d + 119. Determine y(q).
5
Let u(m) be the second derivative of -m**4/12 + 11*m**3/3 + 9*m**2/2 + 100*m + 17. Calculate u(25).
-66
Let v(d) = -2*d - 33. Let t = 3185 - 3201. Calculate v(t).
-1
Suppose 102*c - 103*c + 3 = 0. Let a(p) = -2*p + 2366 - 4*p**2 - 2364 + c*p**2. Give a(-3).
-1
Suppose 36 = 16513*m - 16504*m. Let d(l) = -10*l + 29. Determine d(m).
-11
Let p be (-16500)/(-12000)*(8 - 0). Let a(f) = -6 + 6 + 10 - 2*f. What is a(p)?
-12
Let z(t) = 3*t**2 + 2*t + 3. Let p be z(7). Let i = 14 + -13. Let n(f) = 158*f - p*f + 0 + i. Give n(1